{"id":48,"date":"2025-02-26T13:35:46","date_gmt":"2025-02-26T13:35:46","guid":{"rendered":"https:\/\/tiinanuto.fi\/?page_id=48"},"modified":"2025-03-19T13:15:14","modified_gmt":"2025-03-19T13:15:14","slug":"ota-yhteytta","status":"publish","type":"page","link":"https:\/\/tiinanuto.fi\/index.php\/ota-yhteytta\/","title":{"rendered":"Yhteystiedot"},"content":{"rendered":"\n<p>Vastaanottoni on hyvien kulkuyhteyksien p\u00e4\u00e4ss\u00e4 Helsingin pohjoisessa kantakaupungissa K\u00e4pyl\u00e4ss\u00e4, M\u00e4kel\u00e4nkatu 95:ss\u00e4. Pasilan tai K\u00e4pyl\u00e4n juna-asemalta 15-20 min k\u00e4vellen. Raitiovaunu 1:n ja bussien pys\u00e4kit l\u00f6ytyv\u00e4t vierest\u00e4. L\u00e4hikaduilla on maksuttomia parkkipaikkoja. Tila ei ole esteet\u00f6n.<br><br>s\u00e4hk\u00f6posti: tmnuto@yahoo.com <br>puhelin: 045-1738920<\/p>\n\n\n\n<figure class=\"wp-block-image size-large\"><img loading=\"lazy\" decoding=\"async\" width=\"1024\" height=\"819\" src=\"https:\/\/tiinanuto.fi\/wp-content\/uploads\/2025\/03\/tyohuone-1024x819.jpg\" alt=\"\" class=\"wp-image-265\" srcset=\"https:\/\/tiinanuto.fi\/wp-content\/uploads\/2025\/03\/tyohuone-1024x819.jpg 1024w, https:\/\/tiinanuto.fi\/wp-content\/uploads\/2025\/03\/tyohuone-300x240.jpg 300w, https:\/\/tiinanuto.fi\/wp-content\/uploads\/2025\/03\/tyohuone-768x614.jpg 768w, https:\/\/tiinanuto.fi\/wp-content\/uploads\/2025\/03\/tyohuone-1536x1229.jpg 1536w, https:\/\/tiinanuto.fi\/wp-content\/uploads\/2025\/03\/tyohuone.jpg 1600w\" sizes=\"auto, (max-width: 767px) 89vw, (max-width: 1000px) 54vw, (max-width: 1071px) 543px, 580px\" \/><\/figure>\n\n\n\n<p><\/p>\n","protected":false},"excerpt":{"rendered":"<p>Vastaanottoni on hyvien kulkuyhteyksien p\u00e4\u00e4ss\u00e4 Helsingin pohjoisessa kantakaupungissa K\u00e4pyl\u00e4ss\u00e4, M\u00e4kel\u00e4nkatu 95:ss\u00e4. Pasilan tai K\u00e4pyl\u00e4n juna-asemalta 15-20 min k\u00e4vellen. Raitiovaunu 1:n ja bussien pys\u00e4kit l\u00f6ytyv\u00e4t vierest\u00e4. L\u00e4hikaduilla on maksuttomia parkkipaikkoja. Tila ei ole esteet\u00f6n. s\u00e4hk\u00f6posti: tmnuto@yahoo.com puhelin: 045-1738920<\/p>\n","protected":false},"author":1,"featured_media":266,"parent":0,"menu_order":0,"comment_status":"closed","ping_status":"closed","template":"","meta":{"footnotes":""},"class_list":["post-48","page","type-page","status-publish","has-post-thumbnail","hentry"],"_links":{"self":[{"href":"https:\/\/tiinanuto.fi\/index.php\/wp-json\/wp\/v2\/pages\/48","targetHints":{"allow":["GET"]}}],"collection":[{"href":"https:\/\/tiinanuto.fi\/index.php\/wp-json\/wp\/v2\/pages"}],"about":[{"href":"https:\/\/tiinanuto.fi\/index.php\/wp-json\/wp\/v2\/types\/page"}],"author":[{"embeddable":true,"href":"https:\/\/tiinanuto.fi\/index.php\/wp-json\/wp\/v2\/users\/1"}],"replies":[{"embeddable":true,"href":"https:\/\/tiinanuto.fi\/index.php\/wp-json\/wp\/v2\/comments?post=48"}],"version-history":[{"count":29,"href":"https:\/\/tiinanuto.fi\/index.php\/wp-json\/wp\/v2\/pages\/48\/revisions"}],"predecessor-version":[{"id":332,"href":"https:\/\/tiinanuto.fi\/index.php\/wp-json\/wp\/v2\/pages\/48\/revisions\/332"}],"wp:featuredmedia":[{"embeddable":true,"href":"https:\/\/tiinanuto.fi\/index.php\/wp-json\/wp\/v2\/media\/266"}],"wp:attachment":[{"href":"https:\/\/tiinanuto.fi\/index.php\/wp-json\/wp\/v2\/media?parent=48"}],"curies":[{"name":"wp","href":"https:\/\/api.w.org\/{rel}","templated":true}]}}